a + 15651 = 0, -39*a + 62538 = 4*f - 41*a. What are the prime factors of f?
2, 3, 1303
Let c be ((-14)/10 - -2) + (-486)/(-15). Let l = 37 - c. What are the prime factors of l/(-2) - 2 - (4 + -53)?
3, 5
Suppose -5*m + 5*b = -2720, -4*b = 6*m - 8*m + 1084. Let o = -250 + m. What are the prime factors of o?
2, 37
Let v = 30655 - 14758. List the prime factors of v.
3, 7, 757
Let a be 198*(-6)/9*(-161)/14. Suppose -13*l = 283 - a. List the prime factors of l.
5, 19
Let y = -3339 - -6225. List the prime factors of y.
2, 3, 13, 37
Let k(t) = -3*t**2 - 34*t + 4. Let w be k(-11). Suppose 2*y + y - w = 0. Suppose 0 = -2*d - i + 37, i = -y*d - 3*i + 100. What are the prime factors of d?
2
Suppose 7*n + 46684 - 238852 = -11*n. What are the prime factors of n?
2, 17, 157
Let y(o) = 9*o**2 + 819*o + 19. List the prime factors of y(-100).
23, 353
Let t(s) = 6*s**3 + 5*s**2 + s. Let f(g) = -7*g**3 - 6*g**2 - 1. Let d(c) = 5*f(c) + 6*t(c). Let o be d(2). List the prime factors of 133 - o - (-1 + -2).
11
Let a = -21 - -26. Suppose 3*w - 18 = -0*r - 4*r, 34 = 4*r - a*w. Suppose 0 = -13*v + r*v + 840. List the prime factors of v.
2, 3, 5
Suppose 0 = 67*m - 62*m - u - 265712, -4*m - 5*u + 212616 = 0. List the prime factors of m.
2, 7, 13, 73
Suppose q - 5 = 0, 0*h - 3*h + 23469 = 3*q. What are the prime factors of h?
2, 3, 1303
Suppose -108*c + 1437525 + 814973 = 89*c. What are the prime factors of c?
2, 5717
Let x(f) = f**3 - 4*f**2 + 9. Let a be x(3). Suppose 2*p + y - 1365 - 394 = a, -3*p + 2671 = -5*y. List the prime factors of p.
2, 3, 7
Suppose i - 2*l - 5029 = 0, 4*l + 25157 = 6*i - i. List the prime factors of i.
7, 719
Let z(f) = -2*f + 13. Let i be z(7). Let y be -5*(2/6)/(i/3). Suppose 278 = 7*j - y*j. What are the prime factors of j?
139
Let r = -19 + 21. Suppose 2*p + r*j - 28 + 0 = 0, 4 = -j. Suppose p*q - 23*q = -500. What are the prime factors of q?
2, 5
Suppose -29*c + 28*c = 32. Let h be ((-285)/38)/(3/c). Let t = h - 30. What are the prime factors of t?
2, 5
List the prime factors of 15 + (-467495)/(-42) + 3/18.
2, 5573
Suppose 1339*z + 65340 + 59743 = 1346*z. List the prime factors of z.
107, 167
Suppose 0 = -i - 6*i. Suppose 3*h + 7 - 16 = i. Suppose -5*w - h*y + 301 = -140, -y - 273 = -3*w. List the prime factors of w.
2, 3, 5
Let h(c) = -c**2 - 16*c + 2. Let i be h(-16). Let f be ((1 - 4) + 0)/(i + -3). Suppose -f*t - 72 = -o, -t + 5*t = -5*o + 455. List the prime factors of o.
3, 29
Suppose 3*b - l - 48352 = 0, -4*b - 23*l + 27*l = -64456. List the prime factors of b.
3, 199
Let t(b) = 8*b**2 - 18*b - 13. Let v be t(-12). Suppose -7*m = -2*m - v. What are the prime factors of m?
271
List the prime factors of 14214/4 + (-4)/(-8).
2, 1777
Let x(q) = q**3 + 8*q**2 - 10*q + 1. Let k be x(-9). Suppose -850 = -3*y + 5*w - k*w, 3*y = 2*w + 857. What are the prime factors of y?
3, 5, 19
Let g(p) = 2*p**2 + 63*p + 871. List the prime factors of g(-114).
19681
Suppose h + 41793 = 5*s, 235*h = 237*h - 4. What are the prime factors of s?
13, 643
Let k be (-1)/(-2)*(5 - -1) - 2. Suppose 4*z = a + 3 + k, 4*z = 4. Suppose a = -4*o + 10 + 6, 154 = 2*b + o. What are the prime factors of b?
3, 5
Let l be (1 - 15) + -11 + 10. Let t be (10/l)/(0 + (-4)/18). Suppose -231 = -6*j + t*j. What are the prime factors of j?
7, 11
Let l(x) be the first derivative of 11*x**2 + 15*x + 7. Let i be l(4). Suppose 0 = -6*h + 443 + i. What are the prime factors of h?
7, 13
Let u = 15 - 29. Let x be (-378)/(-22) - 22/121. Let q = x + u. What are the prime factors of q?
3
Let n(d) = 3*d**3 + 212*d**2 - 201*d + 107. What are the prime factors of n(-70)?
23977
Let o(k) = 246*k**3 - 14*k**2 + 10*k - 42. Let j(m) = 49*m**3 - 3*m**2 + 2*m - 8. Let d(b) = 11*j(b) - 2*o(b). List the prime factors of d(2).
2, 89
Suppose -161 = -18*g + 11*g. Suppose 0 = g*l - 37*l + 2240. What are the prime factors of l?
2, 5
Let h = 707 - 208. Let s = 343 + h. List the prime factors of s.
2, 421
Let z(b) = b**3 - 46*b**2 - 70*b - 196. List the prime factors of z(50).
2, 197
Let f(y) = -2*y**3 + 15*y**2 - 27*y - 74. List the prime factors of f(-6).
2, 5, 53
Suppose -3*q + 3120 + 12299 = 4*a, -2*q = 4*a - 15426. List the prime factors of a.
2, 5, 193
Let o(r) = 2846*r + 38. What are the prime factors of o(3)?
2, 67
Let c(p) be the first derivative of 4*p**3/3 - 30*p**2 - 12*p - 37. What are the prime factors of c(21)?
2, 3, 41
Suppose -3*x - 70 = -5*i, -2*i - 5*x = -6*i + 56. Let j be (-25652)/i - 26/(-91). What are the prime factors of 2 - j/(-12)*(-3)/2?
3, 7, 11
Let p = -7428 - -8047. List the prime factors of p.
619
Let x(h) = -19 + 11*h**2 - h**3 - 2*h**2 + 4*h**2 - 18*h. Suppose 3*z = w + 36, 0 = -3*z - 2*z + 2*w + 61. What are the prime factors of x(z)?
5
Let v(m) = 2*m**3 - 49*m**2 + 23*m + 32. Let o be v(24). Suppose 5*b = -5*u + o*u + 1499, b + 3*u - 289 = 0. List the prime factors of b.
2, 149
Let h(k) = k**3 - 3*k**2 - 3*k - 1. Let u be h(4). Suppose -5*p + 35 = 5*z, -u*z = 2*z - 2*p - 21. Suppose z*t + 5*t = 780. List the prime factors of t.
2, 3, 13
Suppose -5*r + 39 + 76 = 0. Suppose 25*c - 654 = r*c - 4*d, -2*d + 989 = 3*c. List the prime factors of c.
331
Let u(m) = m**2 - 8*m - 24. Let g be u(10). Let s be -32 - 0/((-2)/8*g). Let l = 85 - s. What are the prime factors of l?
3, 13
Let f = -35719 - -108744. List the prime factors of f.
5, 23, 127
Suppose 4*l = -3*z + 159895, 100 = -5*l + 75. What are the prime factors of z?
5, 7, 1523
Let g(q) = -16*q + 4. Let s be g(1). Let m = -127 - s. Let f = m + 193. List the prime factors of f.
2, 3, 13
Let z(u) = 31*u**3 + u**2 - 4*u - 3. Let v be z(-2). Let l = v + 357. Let g = l + -21. List the prime factors of g.
97
Let d = -61 - -65. Let p(y) = 21*y + 21*y - d + y + 17*y. What are the prime factors of p(3)?
2, 11
Suppose -l + 124 + 18 = 0. What are the prime factors of l/12 + 15/90?
2, 3
Let p = 0 + -51. Let q = 23 + p. List the prime factors of q/49 - (-204)/14.
2, 7
Let a be -9*1*69/(-9). Suppose 55*r = 51*r - 4. What are the prime factors of 34/(-17) + a + r?
2, 3, 11
Suppose j + 41 = -8. Let i = -48 - j. List the prime factors of 0 + i - 480/(-5).
97
Let t(f) = -f**3 - 6*f**2 - f - 3. Let h be t(-6). Suppose -h*s - s = 72. What are the prime factors of (-6)/s + (-226)/(-6)?
2, 19
Suppose 0 = 75618*w - 75615*w - 118287. What are the prime factors of w?
3, 13, 337
Let s(k) = -k**3 - 2*k**2 + 81*k + 15. Let d = 305 + -318. List the prime factors of s(d).
821
Suppose 25*k = 15*k + 80. List the prime factors of ((-26)/k)/((-1350)/192 + 7).
2, 13
Suppose -103802 = -168*q + 151*q. List the prime factors of q.
2, 43, 71
Let q(h) = h**3 - 9*h**2 - 27*h + 64. What are the prime factors of q(22)?
2, 43, 67
Let y = -18736 - -46568. List the prime factors of y.
2, 7, 71
Let b(t) = 2*t**2 + 7*t - 15. Let q be b(-12). Let m be 1/(-4) - q/(-36). List the prime factors of 9/(-24)*-86 - m/20.
2
Let w(r) = r**2 + 20. Let f = 72 + -59. Suppose -f*s - 30 = -10*s. What are the prime factors of w(s)?
2, 3, 5
Let n = -263 + -112. Let q = 1482 + -809. Let g = q + n. What are the prime factors of g?
2, 149
Let u = 314 - 302. Suppose u*w - 727 = 3761. List the prime factors of w.
2, 11, 17
What are the prime factors of (-106017)/(-8) + ((-21)/(-8))/(-21)?
2, 3313
Suppose 2*i + 3*m = 792, -m + 1634 = 5*i - 333. Suppose 2*j + 3*d = 847, j - 5*d = i + 24. What are the prime factors of j?
2, 211
Let l(h) = -10*h + 22. Suppose m = 3*m + 18. Let s be l(m). Suppose -2*b + 3*i + 61 = 0, 2*i = -4*b - 2*i + s. What are the prime factors of b?
29
Let v = 3144 + -2507. What are the prime factors of v?
7, 13
Let v(z) = 6*z**2 - 65*z - 820. List the prime factors of v(-41).
3, 41, 97
Suppose -286 = 3*a + 2*h, 3*a + 0*h - 2*h = -302. Let t = a + 119. What are the prime factors of t?
3, 7
List the prime factors of (25/225 + (-215670)/(-54))/((-1)/(-3)).
2, 3, 1997
Let k be (96/(-9))/(-8)*3. Suppose 0 = -k*a + m + 41, 5*a - 4*m = -8*m + 67. What are the prime factors of 3/6 - a/(-2)?
2, 3
Let i = 69987 + -41849. List the prime factors of i.
2, 11, 1279
Let q be (-245)/((-8)/6 - -1). Let h be (6/9)/(-2 + 1480/q). Suppose h + 93 = x. List the prime factors of x.
2, 71
Suppose g = -4*f - 10, 0 = 5*g + f + 12 - 0. Let d be g/1*(-10)/4. Suppose d*y + 285 - 885 = 0. What are the prim